ded by 854?
62
Calculate the remainder when 2827 is divided by 987.
853
What is the remainder when 316310 is divided by 79075?
10
Calculate the remainder when 3963116 is divided by 67.
66
What is the remainder when 314981 is divided by 27?
26
What is the remainder when 6243 is divided by 305?
143
Calculate the remainder when 57752 is divided by 501.
137
Calculate the remainder when 92617 is divided by 293.
29
What is the remainder when 21704 is divided by 130?
124
Calculate the remainder when 206241 is divided by 25.
16
Calculate the remainder when 7369 is divided by 3564.
241
What is the remainder when 1765 is divided by 238?
99
What is the remainder when 22326 is divided by 27?
24
Calculate the remainder when 40971 is divided by 13653.
12
What is the remainder when 364837 is divided by 56?
53
What is the remainder when 12082 is divided by 27?
13
Calculate the remainder when 1224518 is divided by 78.
74
What is the remainder when 357 is divided by 200?
157
Calculate the remainder when 664545 is divided by 527.
525
What is the remainder when 7257 is divided by 1450?
7
Calculate the remainder when 1505 is divided by 171.
137
What is the remainder when 2501 is divided by 806?
83
Calculate the remainder when 12411 is divided by 90.
81
What is the remainder when 10390 is divided by 260?
250
Calculate the remainder when 6382421 is divided by 15.
11
Calculate the remainder when 65386 is divided by 245.
216
Calculate the remainder when 453421 is divided by 136.
133
Calculate the remainder when 293937 is divided by 1680.
1617
Calculate the remainder when 743 is divided by 347.
49
What is the remainder when 22710 is divided by 910?
870
What is the remainder when 49722 is divided by 25?
22
What is the remainder when 13462 is divided by 292?
30
What is the remainder when 13357 is divided by 52?
45
Calculate the remainder when 358426 is divided by 27.
1
Calculate the remainder when 31116 is divided by 5184.
12
What is the remainder when 2097677 is divided by 80?
77
What is the remainder when 4048 is divided by 105?
58
Calculate the remainder when 724552 is divided by 263.
250
What is the remainder when 57311 is divided by 3580?
31
What is the remainder when 157464 is divided by 52478?
30
Calculate the remainder when 52910 is divided by 21.
11
Calculate the remainder when 40289 is divided by 7.
4
What is the remainder when 3135 is divided by 1536?
63
Calculate the remainder when 4987 is divided by 613.
83
Calculate the remainder when 685 is divided by 67.
15
What is the remainder when 398076 is divided by 18?
6
Calculate the remainder when 2849 is divided by 2848.
1
Calculate the remainder when 150201 is divided by 155.
6
What is the remainder when 28682 is divided by 2867?
12
Calculate the remainder when 1975 is divided by 835.
305
Calculate the remainder when 45705 is divided by 39.
36
Calculate the remainder when 5682 is divided by 47.
42
Calculate the remainder when 424780 is divided by 259.
20
Calculate the remainder when 261053 is divided by 114.
107
What is the remainder when 70520 is divided by 11?
10
Calculate the remainder when 13662 is divided by 1951.
5
Calculate the remainder when 5449 is divided by 259.
10
What is the remainder when 11767 is divided by 14?
7
What is the remainder when 44241 is divided by 21?
15
Calculate the remainder when 5793 is divided by 28.
25
What is the remainder when 2775 is divided by 441?
129
What is the remainder when 231400 is divided by 21?
1
What is the remainder when 84416 is divided by 740?
56
Calculate the remainder when 483306 is divided by 2129.
23
Calculate the remainder when 1027632 is divided by 21.
18
What is the remainder when 119672 is divided by 29908?
40
What is the remainder when 17670 is divided by 145?
125
What is the remainder when 109698 is divided by 699?
654
Calculate the remainder when 86466 is divided by 6175.
16
Calculate the remainder when 49832 is divided by 402.
386
What is the remainder when 7946 is divided by 565?
36
Calculate the remainder when 1639 is divided by 19.
5
What is the remainder when 485464 is divided by 17?
12
What is the remainder when 5397 is divided by 2684?
29
What is the remainder when 2587 is divided by 1453?
1134
Calculate the remainder when 6579 is divided by 3288.
3
Calculate the remainder when 89190 is divided by 3302.
36
Calculate the remainder when 791151 is divided by 502.
501
What is the remainder when 10231 is divided by 429?
364
What is the remainder when 26267 is divided by 1197?
1130
Calculate the remainder when 349461 is divided by 301.
0
Calculate the remainder when 11496 is divided by 605.
1
What is the remainder when 334636 is divided by 397?
362
Calculate the remainder when 246412 is divided by 175.
12
Calculate the remainder when 1467 is divided by 44.
15
What is the remainder when 12864 is divided by 12856?
8
Calculate the remainder when 4977 is divided by 622.
1
Calculate the remainder when 38498 is divided by 40.
18
What is the remainder when 40418 is divided by 1496?
26
Calculate the remainder when 25538 is divided by 18.
14
Calculate the remainder when 201 is divided by 53.
42
What is the remainder when 727621 is divided by 76?
73
Calculate the remainder when 93736 is divided by 8521.
5
What is the remainder when 4167 is divided by 4?
3
What is the remainder when 282167 is divided by 139?
136
Calculate the remainder when 171 is divided by 38.
19
What is the remainder when 2622 is divided by 18?
12
What is the remainder when 34613 is divided by 34611?
2
What is the remainder when 93892 is divided by 4470?
22
Calculate the remainder when 106882 is divided by 431.
425
What is the remainder when 6881 is divided by 265?
256
What is the remainder when 28092 is divided by 147?
15
Calculate the remainder when 94096 is divided by 182.
2
What is the remainder when 4916 is divided by 230?
86
Calculate the remainder when 9307 is divided by 2418.
2053
What is the remainder when 13178 is divided by 2596?
198
What is the remainder when 4355 is divided by 72?
35
Calculate the remainder when 114955 is divided by 29.
28
What is the remainder when 148359 is divided by 16?
7
Calculate the remainder when 612 is divided by 607.
5
Calculate the remainder when 12865 is divided by 29.
18
Calculate the remainder when 38894 is divided by 809.
62
What is the remainder when 10070 is divided by 3316?
122
Calculate the remainder when 26070 is divided by 1372.
2
Calculate the remainder when 188690 is divided by 62896.
2
What is the remainder when 9902 is divided by 1082?
164
What is the remainder when 4383 is divided by 1457?
12
Calculate the remainder when 5542 is divided by 11.
9
Calculate the remainder when 76565 is divided by 5104.
5
What is the remainder when 151756 is divided by 726?
22
What is the remainder when 23360 is divided by 4666?
30
What is the remainder when 211154 is divided by 98?
62
Calculate the remainder when 17274 is divided by 97.
8
What is the remainder when 34556 is divided by 12?
8
What is the remainder when 44683 is divided by 4953?
106
Calculate the remainder when 1813659 is divided by 16.
11
What is the remainder when 8143 is divided by 2693?
64
What is the remainder when 12820 is divided by 3201?
16
Calculate the remainder when 10018 is divided by 313.
2
What is the remainder when 20496 is divided by 154?
14
What is the remainder when 927621 is divided by 1005?
6
What is the remainder when 257903 is divided by 64472?
15
Calculate the remainder when 736 is divided by 198.
142
Calculate the remainder when 100979 is divided by 153.
152
What is the remainder when 1622617 is divided by 20?
17
What is the remainder when 94015 is divided by 13430?
5
Calculate the remainder when 2356 is divided by 287.
60
Calculate the remainder when 84675 is divided by 309.
9
Calculate the remainder when 97564 is divided by 7.
5
Calculate the remainder when 44415 is divided by 7400.
15
Calculate the remainder when 1030 is divided by 99.
40
What is the remainder when 73054 is divided by 32?
30
Calculate the remainder when 578 is divided by 147.
137
Calculate the remainder when 26557 is divided by 49.
48
What is the remainder when 570359 is divided by 328?
295
What is the remainder when 428681 is divided by 1576?
9
What is the remainder when 16157 is divided by 49?